 divided by 9.
8
Let i be ((-12)/(-10))/(3/10). What is the remainder when 7 is divided by (-1 + 7)/(6/i)?
3
Let k = 141 + -70. Calculate the remainder when k is divided by 18.
17
Suppose -4*o = 0, 3*i - 3*o = -0*i + 87. Calculate the remainder when i is divided by 11.
7
Let z(m) = 6*m - 5. Let f be ((-8)/(-5))/(4/10). What is the remainder when 56 is divided by z(f)?
18
Suppose 0 = -5*b + c + 17, 5*b = 2*c - 0*c + 14. Let l be -3*(b/(-6) + 2). What is the remainder when (-138)/l - (-2)/4 is divided by 18?
17
Suppose 22 = 2*g + 5*n - 63, 62 = g - 4*n. What is the remainder when g is divided by 134/8 + (-1)/(-4)?
16
Suppose -w - v - 7 = -0*w, 12 = -3*v. Let a(l) = -l**2 - l + 2. Let c be a(w). Let p = c + 7. Calculate the remainder when 7 is divided by p.
1
Let p(u) = u**2 + u + 12. Calculate the remainder when 22 is divided by p(0).
10
Suppose -90 = -5*s - 2*u, -50 = 2*s - 4*s + 2*u. Calculate the remainder when 5203/66 + (-1)/(-6) is divided by s.
19
Suppose -3*m = 3*y + 58 - 226, 2*y + 206 = 4*m. Suppose 5*p + 42 = 3*v, -6*v + 4*p + 70 = -v. Calculate the remainder when m is divided by v.
11
Let t = 121 - 77. Calculate the remainder when t is divided by 107/7 - (-2)/(-7).
14
Let p = -6 + 8. Suppose p*g = 0, 95 = 5*f + 3*g + g. Suppose -h - f = -2*h. What is the remainder when h is divided by 7?
5
Suppose -3*n = -9, 5*n - 62 = -2*v + 45. Let g(s) = 24*s**2 + s - 1. Calculate the remainder when v is divided by g(1).
22
Suppose -p + 50 = 2*v - 0*v, -2*v - 2*p = -54. Calculate the remainder when 89 is divided by v.
20
Let k(a) = -52*a**2 - 2*a - 1. Let p be k(-1). Let o = 91 + p. What is the remainder when o is divided by 14?
12
Let u(z) = -z**3 - 2*z**2 - 9*z - 9. What is the remainder when u(-4) is divided by 10?
9
Let g(z) = z**2 + 7*z + 8. Let w be g(-7). Suppose -w*s = -13*s + 350. What is the remainder when s is divided by 18?
16
Let p(k) = -k**3 - 3*k**2 - k. Let s be p(-1). Let n be (s/2)/(2/(-12)). Calculate the remainder when 28 is divided by n/9 - (-29)/3.
8
Let x = -26 + 28. Calculate the remainder when 7 is divided by x.
1
Suppose 6 + 4 = 5*x. What is the remainder when 0/x + (28 - 1) is divided by 14?
13
Let k(u) = -u**3 + 7*u**2 - u + 5. Let z be k(7). Let c = z + 3. Suppose -p + c = -0*p. Calculate the remainder when 2 is divided by p.
0
Suppose -a = -4*a - 2*j + 46, -15 = -3*j. Calculate the remainder when 45 is divided by a.
9
Let r be 8 - (1 - 6/2). Suppose -3*v - r = -8*v. Calculate the remainder when 6 is divided by v.
0
Calculate the remainder when 214 is divided by ((-64)/6)/(-2)*(-66)/(-8).
38
Suppose 6*v + 10 = 8*v. Suppose v*x + 31 - 91 = -5*i, -x - 4*i = -24. Calculate the remainder when 14 is divided by x.
6
Suppose -5*s + 647 = 4*o, -173 = o - 2*o - 5*s. Let u = -93 + o. Suppose -5*l + u = -0*l. Calculate the remainder when 24 is divided by l.
11
Suppose -5*h - 3*g - 54 = -187, -4*h + 108 = 2*g. What is the remainder when h is divided by 16?
13
Let u(m) = -m - 13. Let b be u(-13). Suppose -3*t + 0*f - f + 79 = 0, b = -3*t + 4*f + 89. What is the remainder when t is divided by 14?
13
Let o = 44 + -14. What is the remainder when 88 is divided by o?
28
Let w(a) = 2*a**2 + 5*a + 3. Let r = 0 + -5. Let h = 3 - -7. What is the remainder when w(r) is divided by h?
8
Suppose -2*j - 27 = -5*j. What is the remainder when j is divided by 6?
3
Let z(r) = r + 10. Calculate the remainder when 218/4 + 1/(-2) is divided by z(4).
12
Let q be 0/1 - 140/5. Let w = 66 + q. Calculate the remainder when w is divided by 13.
12
Let x(d) = 61*d - 1. Let n be x(1). Let p be (n/25)/((-2)/10). Calculate the remainder when (40/p)/((-4)/6) is divided by 3.
2
Calculate the remainder when ((-69)/9)/((-4)/24) is divided by 8.
6
Let w(d) = 7*d + 3. Suppose -f + 2 = -7. Calculate the remainder when w(2) is divided by f.
8
Suppose 5*z + 20 = -2*f, -4*f - 18 = -3*z + 2*z. Let x be (z/(-5))/((-2)/(-30)). Calculate the remainder when 25 is divided by 39/x*(-2)/(-1).
12
Suppose -2*b - 1 = -3*b + 5*i, -3*b - 5*i = -83. What is the remainder when (-575)/(-15) - 4/(-6) is divided by b?
18
Let d = -61 - -117. Let h(o) = o**3 + 8*o**2 + 4*o + 8. Calculate the remainder when d is divided by h(-7).
27
Let x = -55 + 72. Calculate the remainder when 58 is divided by x.
7
Let m(w) = -29*w + 5. Calculate the remainder when m(-1) is divided by 16.
2
Let c = -10 - -20. Let j be (9/(-2))/((-9)/12). Suppose j*r - r = c. Calculate the remainder when 5 is divided by r.
1
Suppose 4*t + 4*d = 100, 0*t + 4*d = -t + 25. What is the remainder when 247 is divided by t?
22
Suppose -832 = 3*f + f + 4*g, 2*g = 0. Calculate the remainder when (-9)/(36/f) + 0 is divided by 9.
7
Let v(y) = -3*y - 5. Let n be v(-10). Let u = -10 + n. Calculate the remainder when 43 is divided by u.
13
Let o(l) = -7*l - 4. Suppose -3 = 2*y - 9. Suppose -5*r + y*s = 27, 2*s - 1 = -r + s. What is the remainder when 32 is divided by o(r)?
15
Suppose 2*m + 48 = -5*o + m, 0 = 5*o - m + 52. Let p = 15 + o. Suppose -p*s = -3*t - 32, -26 = -0*s - 3*s - 5*t. Calculate the remainder when s is divided by 3.
1
What is the remainder when (-3)/((-6)/(-113))*-4 is divided by 12?
10
Let y(h) = -2*h + 3. Calculate the remainder when 19 is divided by y(-2).
5
Suppose 0 = 4*x + 206 - 570. Let c = x - 37. Suppose 4*r + 18 - c = 0. Calculate the remainder when 16 is divided by r.
7
Let c(l) = l**3 - 3*l**2 + l - 1. Let h be c(3). Suppose 0 = -h*j + 10. What is the remainder when j is divided by ((-8)/(-5) + -2)*-5?
1
Let t be 0*(-2)/(-4)*2. Suppose 2*d - 2 = -t*d. What is the remainder when d - -31 - (2 + -4) is divided by 12?
10
Suppose 380 = n + 9*n. What is the remainder when 113 is divided by n?
37
Let l = 16 + -20. Let b(c) = -2*c**2 - 12*c - 13. Let j(o) = o**2 + 6*o + 7. Let x(d) = 3*b(d) + 5*j(d). What is the remainder when 10 is divided by x(l)?
2
Suppose 2*n = -4*i - 12, 3*n = -3*i - 2*i - 13. Let g(s) = s**2 - 4*s + 6. Let u be g(4). Let j = u - n. Calculate the remainder when j is divided by 1.
0
Let w(d) = -d**2 - 10*d - 4. Let h be w(-9). Suppose 0 = -3*s + h*s - 18. What is the remainder when s is divided by 6?
3
Suppose 0 = -4*v - v - 5*j + 140, -j = 5*v - 120. Calculate the remainder when 64 is divided by v.
18
Suppose 0*r = -2*r + 74. Let z be 2 + (0 - 2) + 1. Let w = r + z. What is the remainder when w is divided by 13?
12
Let l(j) = -j**3 - 2*j + 1. Let f = 44 + -74. What is the remainder when (-1128)/f + (-2)/(-5) is divided by l(-2)?
12
Suppose -59 = -3*o - 2*b, 4*o - b - 82 = -3*b. What is the remainder when 136 is divided by o?
21
Let a be -25 - 3/((-12)/(-4)). Let x = -11 - a. Suppose -3*q = 4*r - 185, 4*q + 103 = 2*r + 9*q. What is the remainder when r is divided by x?
14
Let f(d) = -d**3 + 8*d**2 - 8*d + 10. Let i be f(7). Suppose 5*n + c = 17, -2*n - 4*c + 23 = i*n. What is the remainder when n is divided by 2?
1
Let f = -69 - -76. Calculate the remainder when f is divided by 4.
3
Suppose 6*b - 53 = 2*l + 3*b, 0 = -b + 1. Let t = 38 + l. What is the remainder when 24 is divided by t?
11
Suppose -5 = -s, d + 2*d - 47 = -s. Calculate the remainder when d is divided by 8.
6
Let y(r) = r**3 - 3*r**2 - 6*r + 3. Calculate the remainder when (670/20)/((-2)/(-4)) is divided by y(5).
21
What is the remainder when (-6)/36 - 355/(-6) is divided by 30?
29
Let p(g) = 3*g - 5*g**2 - g + 2*g + g**3 - 1 + 0*g. What is the remainder when 37 is divided by p(5)?
18
Suppose -3*c + 49 - 10 = 0. Let z(j) = -j**2 + 7*j + 2. Let f be z(7). Suppose 2*g - 14 = f. What is the remainder when c is divided by g?
5
Suppose 3*q + 3*x + 6 = 0, 4*q + x + 4*x + 13 = 0. Suppose h + 8 = q*h. Suppose 3*d + d + 5*k = 27, 2*d + 6 = h*k. What is the remainder when 4 is divided by d?
1
Suppose -2*p = 4, 3*t = -p + 61 - 39. Let w be (-33)/(-7) - (-4)/14. Let u = w - 2. Calculate the remainder when t is divided by u.
2
Let w be 2 + (-1)/(1/(-1)). Suppose -r = w*r - 12. What is the remainder when 46 is divided by -3*(0 - 16/r)?
14
Suppose -21*a = -19*a - 28. Calculate the remainder when 27 is divided by a.
13
What is the remainder when -4*3/(-2) - 2 is divided by 2?
0
Let j = 2 - -11. Suppose 2*l - v = -6*v - 7, 6 = 3*l + 2*v. What is the remainder when j is divided by l?
1
Suppose 44 = u - 0*u. Let l(w) = -w**3 + w**2 - w - 1. Let b(v